{"id":5979,"date":"2020-09-22T17:19:14","date_gmt":"2020-09-22T15:19:14","guid":{"rendered":"https:\/\/unbrinderien.fr\/?post_type=product&#038;p=5979"},"modified":"2021-02-17T00:04:47","modified_gmt":"2021-02-16T23:04:47","slug":"boucles-doreille-creoles-12-mm-argent-925","status":"publish","type":"product","link":"https:\/\/unbrinderien.fr\/?product=boucles-doreille-creoles-12-mm-argent-925","title":{"rendered":"Boucles d&rsquo;oreille cr\u00e9oles 12 mm argent 925"},"content":{"rendered":"","protected":false},"excerpt":{"rendered":"<p>Tr\u00e8s jolie paire de boucles d&rsquo;oreille model cr\u00e9oles en argent 925 et \u0153il de sainte Lucie, l\u00e9g\u00e8re \u00e0 porter.<\/p>\n<p>Diam\u00e8tre : 12 mm<\/p>\n<p>Bijoux tout en argent 925.<\/p>\n<h3>L\u2019\u0153il de sainte Lucie et la Corse.<\/h3>\n<p>Cens\u00e9 prot\u00e9ger contre le mauvais sort, en Corse cet opercule est r\u00e9guli\u00e8rement travaill\u00e9. Des mati\u00e8res nobles comme l\u2019or, l\u2019argent et le corail rouge de Bonifacio s\u2019associent parfaitement \u00e0 l\u2019\u0153il pour en faire un bijou. Vous pourrez donc vous en procurer dans de nombreuses bijouteries de l\u2019\u00eele. Il se pr\u00e9sente sous forme de bague, bracelet, pendentif, boucles d\u2019oreilles ou m\u00eame collier. Vous pourrez ainsi vous \u00e9viter des journ\u00e9es enti\u00e8res \u00e0 chercher sans espoir sur les rivages de l\u2019\u00eele de beaut\u00e9 ce petit coquillage porte-bonheur.<\/p>\n<p>&nbsp;<\/p>\n<p>&nbsp;<\/p>\n","protected":false},"featured_media":5980,"comment_status":"open","ping_status":"closed","template":"","meta":{"_mo_disable_npp":"","om_disable_all_campaigns":false,"_monsterinsights_skip_tracking":false,"_monsterinsights_sitenote_active":false,"_monsterinsights_sitenote_note":"","_monsterinsights_sitenote_category":0,"_uf_show_specific_survey":0,"_uf_disable_surveys":false},"product_brand":[],"product_cat":[179,174,357,182,121,453],"product_tag":[226,312,443,442],"class_list":{"0":"post-5979","1":"product","2":"type-product","3":"status-publish","4":"has-post-thumbnail","6":"product_cat-bijoux-creation","7":"product_cat-boucles-doreille","8":"product_cat-boucles-doreille-argent-925","9":"product_cat-boucles-doreille-bijoux-creation","10":"product_cat-femme","11":"product_cat-nouveautes","12":"product_tag-argent-925","13":"product_tag-boucles-doreille","14":"product_tag-creole","15":"product_tag-oeil-sainte-lucie","17":"first","18":"instock","19":"purchasable","20":"product-type-simple"},"aioseo_notices":[],"yoast_head":"<!-- This site is optimized with the Yoast SEO plugin v27.3 - https:\/\/yoast.com\/product\/yoast-seo-wordpress\/ -->\n<title>Boucles d&#039;oreille cr\u00e9oles 12 mm argent 925 - UNBRINDERIEN<\/title>\n<meta name=\"description\" content=\"jolie paire de boucles d&#039;oreille model cr\u00e9oles 12 mm de diam\u00e8tre en argent 925 et oeil de sainte Lucie \u00e0 porter \u00e0 volont\u00e9\" \/>\n<meta name=\"robots\" content=\"index, follow, max-snippet:-1, max-image-preview:large, max-video-preview:-1\" \/>\n<link rel=\"canonical\" href=\"https:\/\/unbrinderien.fr\/?product=boucles-doreille-creoles-12-mm-argent-925\" \/>\n<meta property=\"og:locale\" content=\"fr_FR\" \/>\n<meta property=\"og:type\" content=\"article\" \/>\n<meta property=\"og:title\" content=\"Boucles d&#039;oreille cr\u00e9oles 12 mm argent 925 - UNBRINDERIEN\" \/>\n<meta property=\"og:description\" content=\"jolie paire de boucles d&#039;oreille model cr\u00e9oles 12 mm de diam\u00e8tre en argent 925 et oeil de sainte Lucie \u00e0 porter \u00e0 volont\u00e9\" \/>\n<meta property=\"og:url\" content=\"https:\/\/unbrinderien.fr\/?product=boucles-doreille-creoles-12-mm-argent-925\" \/>\n<meta property=\"og:site_name\" content=\"UNBRINDERIEN\" \/>\n<meta property=\"article:publisher\" content=\"https:\/\/www.facebook.com\/unbrinderien.celinenoisette\/\" \/>\n<meta property=\"article:modified_time\" content=\"2021-02-16T23:04:47+00:00\" \/>\n<meta property=\"og:image\" content=\"https:\/\/i2.wp.com\/unbrinderien.fr\/wp-content\/uploads\/2020\/09\/Ref.59618-Boucles-doreille-argent-925-et-oeil-de-sainte-Lucie18-2.jpg?fit=512%2C512&ssl=1\" \/>\n\t<meta property=\"og:image:width\" content=\"512\" \/>\n\t<meta property=\"og:image:height\" content=\"512\" \/>\n\t<meta property=\"og:image:type\" content=\"image\/jpeg\" \/>\n<meta name=\"twitter:card\" content=\"summary_large_image\" \/>\n<meta name=\"twitter:site\" content=\"@Unbrinderien01\" \/>\n<script type=\"application\/ld+json\" class=\"yoast-schema-graph\">{\"@context\":\"https:\\\/\\\/schema.org\",\"@graph\":[{\"@type\":\"WebPage\",\"@id\":\"https:\\\/\\\/unbrinderien.fr\\\/?product=boucles-doreille-creoles-12-mm-argent-925\",\"url\":\"https:\\\/\\\/unbrinderien.fr\\\/?product=boucles-doreille-creoles-12-mm-argent-925\",\"name\":\"Boucles d'oreille cr\u00e9oles 12 mm argent 925 - UNBRINDERIEN\",\"isPartOf\":{\"@id\":\"https:\\\/\\\/unbrinderien.fr\\\/#website\"},\"primaryImageOfPage\":{\"@id\":\"https:\\\/\\\/unbrinderien.fr\\\/?product=boucles-doreille-creoles-12-mm-argent-925#primaryimage\"},\"image\":{\"@id\":\"https:\\\/\\\/unbrinderien.fr\\\/?product=boucles-doreille-creoles-12-mm-argent-925#primaryimage\"},\"thumbnailUrl\":\"https:\\\/\\\/unbrinderien.fr\\\/wp-content\\\/uploads\\\/2020\\\/09\\\/Ref.59618-Boucles-doreille-argent-925-et-oeil-de-sainte-Lucie18-2.jpg\",\"datePublished\":\"2020-09-22T15:19:14+00:00\",\"dateModified\":\"2021-02-16T23:04:47+00:00\",\"description\":\"jolie paire de boucles d'oreille model cr\u00e9oles 12 mm de diam\u00e8tre en argent 925 et oeil de sainte Lucie \u00e0 porter \u00e0 volont\u00e9\",\"breadcrumb\":{\"@id\":\"https:\\\/\\\/unbrinderien.fr\\\/?product=boucles-doreille-creoles-12-mm-argent-925#breadcrumb\"},\"inLanguage\":\"fr-FR\",\"potentialAction\":[{\"@type\":\"ReadAction\",\"target\":[\"https:\\\/\\\/unbrinderien.fr\\\/?product=boucles-doreille-creoles-12-mm-argent-925\"]}]},{\"@type\":\"ImageObject\",\"inLanguage\":\"fr-FR\",\"@id\":\"https:\\\/\\\/unbrinderien.fr\\\/?product=boucles-doreille-creoles-12-mm-argent-925#primaryimage\",\"url\":\"https:\\\/\\\/unbrinderien.fr\\\/wp-content\\\/uploads\\\/2020\\\/09\\\/Ref.59618-Boucles-doreille-argent-925-et-oeil-de-sainte-Lucie18-2.jpg\",\"contentUrl\":\"https:\\\/\\\/unbrinderien.fr\\\/wp-content\\\/uploads\\\/2020\\\/09\\\/Ref.59618-Boucles-doreille-argent-925-et-oeil-de-sainte-Lucie18-2.jpg\",\"width\":512,\"height\":512},{\"@type\":\"BreadcrumbList\",\"@id\":\"https:\\\/\\\/unbrinderien.fr\\\/?product=boucles-doreille-creoles-12-mm-argent-925#breadcrumb\",\"itemListElement\":[{\"@type\":\"ListItem\",\"position\":1,\"name\":\"Accueil\",\"item\":\"https:\\\/\\\/unbrinderien.fr\\\/\"},{\"@type\":\"ListItem\",\"position\":2,\"name\":\"Boutique\",\"item\":\"https:\\\/\\\/unbrinderien.fr\\\/?page_id=3298\"},{\"@type\":\"ListItem\",\"position\":3,\"name\":\"Boucles d&#8217;oreille cr\u00e9oles 12 mm argent 925\"}]},{\"@type\":\"WebSite\",\"@id\":\"https:\\\/\\\/unbrinderien.fr\\\/#website\",\"url\":\"https:\\\/\\\/unbrinderien.fr\\\/\",\"name\":\"UNBRINDERIEN\",\"description\":\"Le site qui vous va bien ...\",\"publisher\":{\"@id\":\"https:\\\/\\\/unbrinderien.fr\\\/#organization\"},\"potentialAction\":[{\"@type\":\"SearchAction\",\"target\":{\"@type\":\"EntryPoint\",\"urlTemplate\":\"https:\\\/\\\/unbrinderien.fr\\\/?s={search_term_string}\"},\"query-input\":{\"@type\":\"PropertyValueSpecification\",\"valueRequired\":true,\"valueName\":\"search_term_string\"}}],\"inLanguage\":\"fr-FR\"},{\"@type\":\"Organization\",\"@id\":\"https:\\\/\\\/unbrinderien.fr\\\/#organization\",\"name\":\"Unbrinderien\",\"url\":\"https:\\\/\\\/unbrinderien.fr\\\/\",\"logo\":{\"@type\":\"ImageObject\",\"inLanguage\":\"fr-FR\",\"@id\":\"https:\\\/\\\/unbrinderien.fr\\\/#\\\/schema\\\/logo\\\/image\\\/\",\"url\":\"https:\\\/\\\/i2.wp.com\\\/unbrinderien.fr\\\/wp-content\\\/uploads\\\/2020\\\/05\\\/Logo-2020Taille-originale-Since-2012-v2-valide.png?fit=456%2C457&ssl=1\",\"contentUrl\":\"https:\\\/\\\/i2.wp.com\\\/unbrinderien.fr\\\/wp-content\\\/uploads\\\/2020\\\/05\\\/Logo-2020Taille-originale-Since-2012-v2-valide.png?fit=456%2C457&ssl=1\",\"width\":456,\"height\":457,\"caption\":\"Unbrinderien\"},\"image\":{\"@id\":\"https:\\\/\\\/unbrinderien.fr\\\/#\\\/schema\\\/logo\\\/image\\\/\"},\"sameAs\":[\"https:\\\/\\\/www.facebook.com\\\/unbrinderien.celinenoisette\\\/\",\"https:\\\/\\\/x.com\\\/Unbrinderien01\",\"https:\\\/\\\/instagram.com\\\/unbrinderien?igshid=Itlgnkslaq489\"]}]}<\/script>\n<!-- \/ Yoast SEO plugin. -->","yoast_head_json":{"title":"Boucles d'oreille cr\u00e9oles 12 mm argent 925 - UNBRINDERIEN","description":"jolie paire de boucles d'oreille model cr\u00e9oles 12 mm de diam\u00e8tre en argent 925 et oeil de sainte Lucie \u00e0 porter \u00e0 volont\u00e9","robots":{"index":"index","follow":"follow","max-snippet":"max-snippet:-1","max-image-preview":"max-image-preview:large","max-video-preview":"max-video-preview:-1"},"canonical":"https:\/\/unbrinderien.fr\/?product=boucles-doreille-creoles-12-mm-argent-925","og_locale":"fr_FR","og_type":"article","og_title":"Boucles d'oreille cr\u00e9oles 12 mm argent 925 - UNBRINDERIEN","og_description":"jolie paire de boucles d'oreille model cr\u00e9oles 12 mm de diam\u00e8tre en argent 925 et oeil de sainte Lucie \u00e0 porter \u00e0 volont\u00e9","og_url":"https:\/\/unbrinderien.fr\/?product=boucles-doreille-creoles-12-mm-argent-925","og_site_name":"UNBRINDERIEN","article_publisher":"https:\/\/www.facebook.com\/unbrinderien.celinenoisette\/","article_modified_time":"2021-02-16T23:04:47+00:00","og_image":[{"width":512,"height":512,"url":"https:\/\/i2.wp.com\/unbrinderien.fr\/wp-content\/uploads\/2020\/09\/Ref.59618-Boucles-doreille-argent-925-et-oeil-de-sainte-Lucie18-2.jpg?fit=512%2C512&ssl=1","type":"image\/jpeg"}],"twitter_card":"summary_large_image","twitter_site":"@Unbrinderien01","schema":{"@context":"https:\/\/schema.org","@graph":[{"@type":"WebPage","@id":"https:\/\/unbrinderien.fr\/?product=boucles-doreille-creoles-12-mm-argent-925","url":"https:\/\/unbrinderien.fr\/?product=boucles-doreille-creoles-12-mm-argent-925","name":"Boucles d'oreille cr\u00e9oles 12 mm argent 925 - UNBRINDERIEN","isPartOf":{"@id":"https:\/\/unbrinderien.fr\/#website"},"primaryImageOfPage":{"@id":"https:\/\/unbrinderien.fr\/?product=boucles-doreille-creoles-12-mm-argent-925#primaryimage"},"image":{"@id":"https:\/\/unbrinderien.fr\/?product=boucles-doreille-creoles-12-mm-argent-925#primaryimage"},"thumbnailUrl":"https:\/\/unbrinderien.fr\/wp-content\/uploads\/2020\/09\/Ref.59618-Boucles-doreille-argent-925-et-oeil-de-sainte-Lucie18-2.jpg","datePublished":"2020-09-22T15:19:14+00:00","dateModified":"2021-02-16T23:04:47+00:00","description":"jolie paire de boucles d'oreille model cr\u00e9oles 12 mm de diam\u00e8tre en argent 925 et oeil de sainte Lucie \u00e0 porter \u00e0 volont\u00e9","breadcrumb":{"@id":"https:\/\/unbrinderien.fr\/?product=boucles-doreille-creoles-12-mm-argent-925#breadcrumb"},"inLanguage":"fr-FR","potentialAction":[{"@type":"ReadAction","target":["https:\/\/unbrinderien.fr\/?product=boucles-doreille-creoles-12-mm-argent-925"]}]},{"@type":"ImageObject","inLanguage":"fr-FR","@id":"https:\/\/unbrinderien.fr\/?product=boucles-doreille-creoles-12-mm-argent-925#primaryimage","url":"https:\/\/unbrinderien.fr\/wp-content\/uploads\/2020\/09\/Ref.59618-Boucles-doreille-argent-925-et-oeil-de-sainte-Lucie18-2.jpg","contentUrl":"https:\/\/unbrinderien.fr\/wp-content\/uploads\/2020\/09\/Ref.59618-Boucles-doreille-argent-925-et-oeil-de-sainte-Lucie18-2.jpg","width":512,"height":512},{"@type":"BreadcrumbList","@id":"https:\/\/unbrinderien.fr\/?product=boucles-doreille-creoles-12-mm-argent-925#breadcrumb","itemListElement":[{"@type":"ListItem","position":1,"name":"Accueil","item":"https:\/\/unbrinderien.fr\/"},{"@type":"ListItem","position":2,"name":"Boutique","item":"https:\/\/unbrinderien.fr\/?page_id=3298"},{"@type":"ListItem","position":3,"name":"Boucles d&#8217;oreille cr\u00e9oles 12 mm argent 925"}]},{"@type":"WebSite","@id":"https:\/\/unbrinderien.fr\/#website","url":"https:\/\/unbrinderien.fr\/","name":"UNBRINDERIEN","description":"Le site qui vous va bien ...","publisher":{"@id":"https:\/\/unbrinderien.fr\/#organization"},"potentialAction":[{"@type":"SearchAction","target":{"@type":"EntryPoint","urlTemplate":"https:\/\/unbrinderien.fr\/?s={search_term_string}"},"query-input":{"@type":"PropertyValueSpecification","valueRequired":true,"valueName":"search_term_string"}}],"inLanguage":"fr-FR"},{"@type":"Organization","@id":"https:\/\/unbrinderien.fr\/#organization","name":"Unbrinderien","url":"https:\/\/unbrinderien.fr\/","logo":{"@type":"ImageObject","inLanguage":"fr-FR","@id":"https:\/\/unbrinderien.fr\/#\/schema\/logo\/image\/","url":"https:\/\/i2.wp.com\/unbrinderien.fr\/wp-content\/uploads\/2020\/05\/Logo-2020Taille-originale-Since-2012-v2-valide.png?fit=456%2C457&ssl=1","contentUrl":"https:\/\/i2.wp.com\/unbrinderien.fr\/wp-content\/uploads\/2020\/05\/Logo-2020Taille-originale-Since-2012-v2-valide.png?fit=456%2C457&ssl=1","width":456,"height":457,"caption":"Unbrinderien"},"image":{"@id":"https:\/\/unbrinderien.fr\/#\/schema\/logo\/image\/"},"sameAs":["https:\/\/www.facebook.com\/unbrinderien.celinenoisette\/","https:\/\/x.com\/Unbrinderien01","https:\/\/instagram.com\/unbrinderien?igshid=Itlgnkslaq489"]}]}},"jetpack_sharing_enabled":true,"_links":{"self":[{"href":"https:\/\/unbrinderien.fr\/index.php?rest_route=\/wp\/v2\/product\/5979","targetHints":{"allow":["GET"]}}],"collection":[{"href":"https:\/\/unbrinderien.fr\/index.php?rest_route=\/wp\/v2\/product"}],"about":[{"href":"https:\/\/unbrinderien.fr\/index.php?rest_route=\/wp\/v2\/types\/product"}],"replies":[{"embeddable":true,"href":"https:\/\/unbrinderien.fr\/index.php?rest_route=%2Fwp%2Fv2%2Fcomments&post=5979"}],"version-history":[{"count":0,"href":"https:\/\/unbrinderien.fr\/index.php?rest_route=\/wp\/v2\/product\/5979\/revisions"}],"wp:featuredmedia":[{"embeddable":true,"href":"https:\/\/unbrinderien.fr\/index.php?rest_route=\/wp\/v2\/media\/5980"}],"wp:attachment":[{"href":"https:\/\/unbrinderien.fr\/index.php?rest_route=%2Fwp%2Fv2%2Fmedia&parent=5979"}],"wp:term":[{"taxonomy":"product_brand","embeddable":true,"href":"https:\/\/unbrinderien.fr\/index.php?rest_route=%2Fwp%2Fv2%2Fproduct_brand&post=5979"},{"taxonomy":"product_cat","embeddable":true,"href":"https:\/\/unbrinderien.fr\/index.php?rest_route=%2Fwp%2Fv2%2Fproduct_cat&post=5979"},{"taxonomy":"product_tag","embeddable":true,"href":"https:\/\/unbrinderien.fr\/index.php?rest_route=%2Fwp%2Fv2%2Fproduct_tag&post=5979"}],"curies":[{"name":"wp","href":"https:\/\/api.w.org\/{rel}","templated":true}]}}