{"id":5411,"date":"2020-07-10T17:06:46","date_gmt":"2020-07-10T15:06:46","guid":{"rendered":"https:\/\/unbrinderien.fr\/?post_type=product&#038;p=5411"},"modified":"2021-02-17T00:04:50","modified_gmt":"2021-02-16T23:04:50","slug":"petit-sac-couleur-bleu-marine-en-cotton","status":"publish","type":"product","link":"https:\/\/unbrinderien.fr\/?product=petit-sac-couleur-bleu-marine-en-cotton","title":{"rendered":"Petit sac couleur bleu marine en cotton"},"content":{"rendered":"","protected":false},"excerpt":{"rendered":"<p>Joli petit sac bleu marine en coton, pour femme, avec simple compartiment poches int\u00e9rieurs, avec large bandouli\u00e8re pour un meilleur port\u00e9 \u00e9paule. Tr\u00e8s \u00e9l\u00e9gant, \u00e0 porter en toutes circonstances.<\/p>\n<p>En coton<\/p>\n<p>Dimensions: 34 cm x 10 cm x 31 cm.<\/p>\n","protected":false},"featured_media":5413,"comment_status":"open","ping_status":"closed","template":"","meta":{"_mo_disable_npp":"","om_disable_all_campaigns":false,"_monsterinsights_skip_tracking":false,"_monsterinsights_sitenote_active":false,"_monsterinsights_sitenote_note":"","_monsterinsights_sitenote_category":0,"_uf_show_specific_survey":0,"_uf_disable_surveys":false},"product_brand":[],"product_cat":[121,58],"product_tag":[266,403,402],"class_list":{"0":"post-5411","1":"product","2":"type-product","3":"status-publish","4":"has-post-thumbnail","6":"product_cat-femme","7":"product_cat-sac","8":"product_tag-petit","9":"product_tag-pochette","10":"product_tag-sac","12":"first","13":"instock","14":"purchasable","15":"product-type-simple"},"aioseo_notices":[],"yoast_head":"<!-- This site is optimized with the Yoast SEO plugin v27.3 - https:\/\/yoast.com\/product\/yoast-seo-wordpress\/ -->\n<title>Petit sac couleur bleu marine en cotton - UNBRINDERIEN<\/title>\n<meta name=\"description\" content=\"joli petit sac bleu marine en coton large bandouli\u00e8re pour un meilleur port\u00e9 \u00e9paule tr\u00e8s \u00e9l\u00e9gant pour femme s&#039;accordera \u00e0 toutes vos tenues\" \/>\n<meta name=\"robots\" content=\"index, follow, max-snippet:-1, max-image-preview:large, max-video-preview:-1\" \/>\n<link rel=\"canonical\" href=\"https:\/\/unbrinderien.fr\/?product=petit-sac-couleur-bleu-marine-en-cotton\" \/>\n<meta property=\"og:locale\" content=\"fr_FR\" \/>\n<meta property=\"og:type\" content=\"article\" \/>\n<meta property=\"og:title\" content=\"Petit sac couleur bleu marine en cotton - UNBRINDERIEN\" \/>\n<meta property=\"og:description\" content=\"joli petit sac bleu marine en coton large bandouli\u00e8re pour un meilleur port\u00e9 \u00e9paule tr\u00e8s \u00e9l\u00e9gant pour femme s&#039;accordera \u00e0 toutes vos tenues\" \/>\n<meta property=\"og:url\" content=\"https:\/\/unbrinderien.fr\/?product=petit-sac-couleur-bleu-marine-en-cotton\" \/>\n<meta property=\"og:site_name\" content=\"UNBRINDERIEN\" \/>\n<meta property=\"article:publisher\" content=\"https:\/\/www.facebook.com\/unbrinderien.celinenoisette\/\" \/>\n<meta property=\"article:modified_time\" content=\"2021-02-16T23:04:50+00:00\" \/>\n<meta property=\"og:image\" content=\"https:\/\/i2.wp.com\/unbrinderien.fr\/wp-content\/uploads\/2020\/07\/Ref.331-2.jpg?fit=512%2C512&ssl=1\" \/>\n\t<meta property=\"og:image:width\" content=\"512\" \/>\n\t<meta property=\"og:image:height\" content=\"512\" \/>\n\t<meta property=\"og:image:type\" content=\"image\/jpeg\" \/>\n<meta name=\"twitter:card\" content=\"summary_large_image\" \/>\n<meta name=\"twitter:site\" content=\"@Unbrinderien01\" \/>\n<script type=\"application\/ld+json\" class=\"yoast-schema-graph\">{\"@context\":\"https:\\\/\\\/schema.org\",\"@graph\":[{\"@type\":\"WebPage\",\"@id\":\"https:\\\/\\\/unbrinderien.fr\\\/?product=petit-sac-couleur-bleu-marine-en-cotton\",\"url\":\"https:\\\/\\\/unbrinderien.fr\\\/?product=petit-sac-couleur-bleu-marine-en-cotton\",\"name\":\"Petit sac couleur bleu marine en cotton - UNBRINDERIEN\",\"isPartOf\":{\"@id\":\"https:\\\/\\\/unbrinderien.fr\\\/#website\"},\"primaryImageOfPage\":{\"@id\":\"https:\\\/\\\/unbrinderien.fr\\\/?product=petit-sac-couleur-bleu-marine-en-cotton#primaryimage\"},\"image\":{\"@id\":\"https:\\\/\\\/unbrinderien.fr\\\/?product=petit-sac-couleur-bleu-marine-en-cotton#primaryimage\"},\"thumbnailUrl\":\"https:\\\/\\\/unbrinderien.fr\\\/wp-content\\\/uploads\\\/2020\\\/07\\\/Ref.331-2.jpg\",\"datePublished\":\"2020-07-10T15:06:46+00:00\",\"dateModified\":\"2021-02-16T23:04:50+00:00\",\"description\":\"joli petit sac bleu marine en coton large bandouli\u00e8re pour un meilleur port\u00e9 \u00e9paule tr\u00e8s \u00e9l\u00e9gant pour femme s'accordera \u00e0 toutes vos tenues\",\"breadcrumb\":{\"@id\":\"https:\\\/\\\/unbrinderien.fr\\\/?product=petit-sac-couleur-bleu-marine-en-cotton#breadcrumb\"},\"inLanguage\":\"fr-FR\",\"potentialAction\":[{\"@type\":\"ReadAction\",\"target\":[\"https:\\\/\\\/unbrinderien.fr\\\/?product=petit-sac-couleur-bleu-marine-en-cotton\"]}]},{\"@type\":\"ImageObject\",\"inLanguage\":\"fr-FR\",\"@id\":\"https:\\\/\\\/unbrinderien.fr\\\/?product=petit-sac-couleur-bleu-marine-en-cotton#primaryimage\",\"url\":\"https:\\\/\\\/unbrinderien.fr\\\/wp-content\\\/uploads\\\/2020\\\/07\\\/Ref.331-2.jpg\",\"contentUrl\":\"https:\\\/\\\/unbrinderien.fr\\\/wp-content\\\/uploads\\\/2020\\\/07\\\/Ref.331-2.jpg\",\"width\":512,\"height\":512},{\"@type\":\"BreadcrumbList\",\"@id\":\"https:\\\/\\\/unbrinderien.fr\\\/?product=petit-sac-couleur-bleu-marine-en-cotton#breadcrumb\",\"itemListElement\":[{\"@type\":\"ListItem\",\"position\":1,\"name\":\"Accueil\",\"item\":\"https:\\\/\\\/unbrinderien.fr\\\/\"},{\"@type\":\"ListItem\",\"position\":2,\"name\":\"Boutique\",\"item\":\"https:\\\/\\\/unbrinderien.fr\\\/?page_id=3298\"},{\"@type\":\"ListItem\",\"position\":3,\"name\":\"Petit sac couleur bleu marine en cotton\"}]},{\"@type\":\"WebSite\",\"@id\":\"https:\\\/\\\/unbrinderien.fr\\\/#website\",\"url\":\"https:\\\/\\\/unbrinderien.fr\\\/\",\"name\":\"UNBRINDERIEN\",\"description\":\"Le site qui vous va bien ...\",\"publisher\":{\"@id\":\"https:\\\/\\\/unbrinderien.fr\\\/#organization\"},\"potentialAction\":[{\"@type\":\"SearchAction\",\"target\":{\"@type\":\"EntryPoint\",\"urlTemplate\":\"https:\\\/\\\/unbrinderien.fr\\\/?s={search_term_string}\"},\"query-input\":{\"@type\":\"PropertyValueSpecification\",\"valueRequired\":true,\"valueName\":\"search_term_string\"}}],\"inLanguage\":\"fr-FR\"},{\"@type\":\"Organization\",\"@id\":\"https:\\\/\\\/unbrinderien.fr\\\/#organization\",\"name\":\"Unbrinderien\",\"url\":\"https:\\\/\\\/unbrinderien.fr\\\/\",\"logo\":{\"@type\":\"ImageObject\",\"inLanguage\":\"fr-FR\",\"@id\":\"https:\\\/\\\/unbrinderien.fr\\\/#\\\/schema\\\/logo\\\/image\\\/\",\"url\":\"https:\\\/\\\/i2.wp.com\\\/unbrinderien.fr\\\/wp-content\\\/uploads\\\/2020\\\/05\\\/Logo-2020Taille-originale-Since-2012-v2-valide.png?fit=456%2C457&ssl=1\",\"contentUrl\":\"https:\\\/\\\/i2.wp.com\\\/unbrinderien.fr\\\/wp-content\\\/uploads\\\/2020\\\/05\\\/Logo-2020Taille-originale-Since-2012-v2-valide.png?fit=456%2C457&ssl=1\",\"width\":456,\"height\":457,\"caption\":\"Unbrinderien\"},\"image\":{\"@id\":\"https:\\\/\\\/unbrinderien.fr\\\/#\\\/schema\\\/logo\\\/image\\\/\"},\"sameAs\":[\"https:\\\/\\\/www.facebook.com\\\/unbrinderien.celinenoisette\\\/\",\"https:\\\/\\\/x.com\\\/Unbrinderien01\",\"https:\\\/\\\/instagram.com\\\/unbrinderien?igshid=Itlgnkslaq489\"]}]}<\/script>\n<!-- \/ Yoast SEO plugin. -->","yoast_head_json":{"title":"Petit sac couleur bleu marine en cotton - UNBRINDERIEN","description":"joli petit sac bleu marine en coton large bandouli\u00e8re pour un meilleur port\u00e9 \u00e9paule tr\u00e8s \u00e9l\u00e9gant pour femme s'accordera \u00e0 toutes vos tenues","robots":{"index":"index","follow":"follow","max-snippet":"max-snippet:-1","max-image-preview":"max-image-preview:large","max-video-preview":"max-video-preview:-1"},"canonical":"https:\/\/unbrinderien.fr\/?product=petit-sac-couleur-bleu-marine-en-cotton","og_locale":"fr_FR","og_type":"article","og_title":"Petit sac couleur bleu marine en cotton - UNBRINDERIEN","og_description":"joli petit sac bleu marine en coton large bandouli\u00e8re pour un meilleur port\u00e9 \u00e9paule tr\u00e8s \u00e9l\u00e9gant pour femme s'accordera \u00e0 toutes vos tenues","og_url":"https:\/\/unbrinderien.fr\/?product=petit-sac-couleur-bleu-marine-en-cotton","og_site_name":"UNBRINDERIEN","article_publisher":"https:\/\/www.facebook.com\/unbrinderien.celinenoisette\/","article_modified_time":"2021-02-16T23:04:50+00:00","og_image":[{"width":512,"height":512,"url":"https:\/\/i2.wp.com\/unbrinderien.fr\/wp-content\/uploads\/2020\/07\/Ref.331-2.jpg?fit=512%2C512&ssl=1","type":"image\/jpeg"}],"twitter_card":"summary_large_image","twitter_site":"@Unbrinderien01","schema":{"@context":"https:\/\/schema.org","@graph":[{"@type":"WebPage","@id":"https:\/\/unbrinderien.fr\/?product=petit-sac-couleur-bleu-marine-en-cotton","url":"https:\/\/unbrinderien.fr\/?product=petit-sac-couleur-bleu-marine-en-cotton","name":"Petit sac couleur bleu marine en cotton - UNBRINDERIEN","isPartOf":{"@id":"https:\/\/unbrinderien.fr\/#website"},"primaryImageOfPage":{"@id":"https:\/\/unbrinderien.fr\/?product=petit-sac-couleur-bleu-marine-en-cotton#primaryimage"},"image":{"@id":"https:\/\/unbrinderien.fr\/?product=petit-sac-couleur-bleu-marine-en-cotton#primaryimage"},"thumbnailUrl":"https:\/\/unbrinderien.fr\/wp-content\/uploads\/2020\/07\/Ref.331-2.jpg","datePublished":"2020-07-10T15:06:46+00:00","dateModified":"2021-02-16T23:04:50+00:00","description":"joli petit sac bleu marine en coton large bandouli\u00e8re pour un meilleur port\u00e9 \u00e9paule tr\u00e8s \u00e9l\u00e9gant pour femme s'accordera \u00e0 toutes vos tenues","breadcrumb":{"@id":"https:\/\/unbrinderien.fr\/?product=petit-sac-couleur-bleu-marine-en-cotton#breadcrumb"},"inLanguage":"fr-FR","potentialAction":[{"@type":"ReadAction","target":["https:\/\/unbrinderien.fr\/?product=petit-sac-couleur-bleu-marine-en-cotton"]}]},{"@type":"ImageObject","inLanguage":"fr-FR","@id":"https:\/\/unbrinderien.fr\/?product=petit-sac-couleur-bleu-marine-en-cotton#primaryimage","url":"https:\/\/unbrinderien.fr\/wp-content\/uploads\/2020\/07\/Ref.331-2.jpg","contentUrl":"https:\/\/unbrinderien.fr\/wp-content\/uploads\/2020\/07\/Ref.331-2.jpg","width":512,"height":512},{"@type":"BreadcrumbList","@id":"https:\/\/unbrinderien.fr\/?product=petit-sac-couleur-bleu-marine-en-cotton#breadcrumb","itemListElement":[{"@type":"ListItem","position":1,"name":"Accueil","item":"https:\/\/unbrinderien.fr\/"},{"@type":"ListItem","position":2,"name":"Boutique","item":"https:\/\/unbrinderien.fr\/?page_id=3298"},{"@type":"ListItem","position":3,"name":"Petit sac couleur bleu marine en cotton"}]},{"@type":"WebSite","@id":"https:\/\/unbrinderien.fr\/#website","url":"https:\/\/unbrinderien.fr\/","name":"UNBRINDERIEN","description":"Le site qui vous va bien ...","publisher":{"@id":"https:\/\/unbrinderien.fr\/#organization"},"potentialAction":[{"@type":"SearchAction","target":{"@type":"EntryPoint","urlTemplate":"https:\/\/unbrinderien.fr\/?s={search_term_string}"},"query-input":{"@type":"PropertyValueSpecification","valueRequired":true,"valueName":"search_term_string"}}],"inLanguage":"fr-FR"},{"@type":"Organization","@id":"https:\/\/unbrinderien.fr\/#organization","name":"Unbrinderien","url":"https:\/\/unbrinderien.fr\/","logo":{"@type":"ImageObject","inLanguage":"fr-FR","@id":"https:\/\/unbrinderien.fr\/#\/schema\/logo\/image\/","url":"https:\/\/i2.wp.com\/unbrinderien.fr\/wp-content\/uploads\/2020\/05\/Logo-2020Taille-originale-Since-2012-v2-valide.png?fit=456%2C457&ssl=1","contentUrl":"https:\/\/i2.wp.com\/unbrinderien.fr\/wp-content\/uploads\/2020\/05\/Logo-2020Taille-originale-Since-2012-v2-valide.png?fit=456%2C457&ssl=1","width":456,"height":457,"caption":"Unbrinderien"},"image":{"@id":"https:\/\/unbrinderien.fr\/#\/schema\/logo\/image\/"},"sameAs":["https:\/\/www.facebook.com\/unbrinderien.celinenoisette\/","https:\/\/x.com\/Unbrinderien01","https:\/\/instagram.com\/unbrinderien?igshid=Itlgnkslaq489"]}]}},"jetpack_sharing_enabled":true,"_links":{"self":[{"href":"https:\/\/unbrinderien.fr\/index.php?rest_route=\/wp\/v2\/product\/5411","targetHints":{"allow":["GET"]}}],"collection":[{"href":"https:\/\/unbrinderien.fr\/index.php?rest_route=\/wp\/v2\/product"}],"about":[{"href":"https:\/\/unbrinderien.fr\/index.php?rest_route=\/wp\/v2\/types\/product"}],"replies":[{"embeddable":true,"href":"https:\/\/unbrinderien.fr\/index.php?rest_route=%2Fwp%2Fv2%2Fcomments&post=5411"}],"version-history":[{"count":0,"href":"https:\/\/unbrinderien.fr\/index.php?rest_route=\/wp\/v2\/product\/5411\/revisions"}],"wp:featuredmedia":[{"embeddable":true,"href":"https:\/\/unbrinderien.fr\/index.php?rest_route=\/wp\/v2\/media\/5413"}],"wp:attachment":[{"href":"https:\/\/unbrinderien.fr\/index.php?rest_route=%2Fwp%2Fv2%2Fmedia&parent=5411"}],"wp:term":[{"taxonomy":"product_brand","embeddable":true,"href":"https:\/\/unbrinderien.fr\/index.php?rest_route=%2Fwp%2Fv2%2Fproduct_brand&post=5411"},{"taxonomy":"product_cat","embeddable":true,"href":"https:\/\/unbrinderien.fr\/index.php?rest_route=%2Fwp%2Fv2%2Fproduct_cat&post=5411"},{"taxonomy":"product_tag","embeddable":true,"href":"https:\/\/unbrinderien.fr\/index.php?rest_route=%2Fwp%2Fv2%2Fproduct_tag&post=5411"}],"curies":[{"name":"wp","href":"https:\/\/api.w.org\/{rel}","templated":true}]}}