{"id":4707,"date":"2020-07-02T18:25:14","date_gmt":"2020-07-02T16:25:14","guid":{"rendered":"https:\/\/unbrinderien.fr\/?post_type=product&#038;p=4707"},"modified":"2021-02-17T00:04:57","modified_gmt":"2021-02-16T23:04:57","slug":"collier-grain-de-cafe-45-cm-argent-925","status":"publish","type":"product","link":"https:\/\/unbrinderien.fr\/?product=collier-grain-de-cafe-45-cm-argent-925","title":{"rendered":"Collier Grain de caf\u00e9 45 cm argent 925"},"content":{"rendered":"","protected":false},"excerpt":{"rendered":"<p>Tr\u00e8s jolie collier Grain de caf\u00e9 en argent 925, pour Ados\/Femme\/Homme, \u00e0 accorder selon la tenue de votre choix.<\/p>\n<p>Longueur cha\u00eene: 45 cm\u00a0 en argent 925.<\/p>\n<p>Diam\u00e8tre du maillon : 4 mm<\/p>\n<p>&nbsp;<\/p>\n<p>&nbsp;<\/p>\n<p>&nbsp;<\/p>\n<p>&nbsp;<\/p>\n<p>&nbsp;<\/p>\n<p>&nbsp;<\/p>\n<p>&nbsp;<\/p>\n<p>&nbsp;<\/p>\n<p>&nbsp;<\/p>\n<p>&nbsp;<\/p>\n<p>&nbsp;<\/p>\n<div class=\"\" data-block=\"true\" data-editor=\"dcjl\" data-offset-key=\"51nl-0-0\">\n<div class=\"_1mf _1mj\" data-offset-key=\"51nl-0-0\">\n<p>&nbsp;<\/p>\n<\/div>\n<\/div>\n<div class=\"\" data-block=\"true\" data-editor=\"dcjl\" data-offset-key=\"1rjem-0-0\">\n<div class=\"_1mf _1mj\" data-offset-key=\"1rjem-0-0\"><span data-offset-key=\"1rjem-0-0\">\u00a0<\/span><\/div>\n<\/div>\n<div class=\"\" data-block=\"true\" data-editor=\"dcjl\" data-offset-key=\"774eq-0-0\"><\/div>\n<div class=\"\" data-block=\"true\" data-editor=\"dcjl\" data-offset-key=\"8drpg-0-0\">\n<div class=\"_1mf _1mj\" data-offset-key=\"8drpg-0-0\"><\/div>\n<\/div>\n<p>&nbsp;<\/p>\n","protected":false},"featured_media":4708,"comment_status":"open","ping_status":"closed","template":"","meta":{"_mo_disable_npp":"","om_disable_all_campaigns":false,"_monsterinsights_skip_tracking":false,"_monsterinsights_sitenote_active":false,"_monsterinsights_sitenote_note":"","_monsterinsights_sitenote_category":0,"_uf_show_specific_survey":0,"_uf_disable_surveys":false},"product_brand":[],"product_cat":[378,170,121],"product_tag":[226,319,380],"class_list":{"0":"post-4707","1":"product","2":"type-product","3":"status-publish","4":"has-post-thumbnail","6":"product_cat-argent-925-collier","7":"product_cat-collier","8":"product_cat-femme","9":"product_tag-argent-925","10":"product_tag-bijoux-femme","11":"product_tag-grain-de-cafe","13":"first","14":"instock","15":"purchasable","16":"product-type-simple"},"aioseo_notices":[],"jetpack_sharing_enabled":true,"_links":{"self":[{"href":"https:\/\/unbrinderien.fr\/index.php?rest_route=\/wp\/v2\/product\/4707","targetHints":{"allow":["GET"]}}],"collection":[{"href":"https:\/\/unbrinderien.fr\/index.php?rest_route=\/wp\/v2\/product"}],"about":[{"href":"https:\/\/unbrinderien.fr\/index.php?rest_route=\/wp\/v2\/types\/product"}],"replies":[{"embeddable":true,"href":"https:\/\/unbrinderien.fr\/index.php?rest_route=%2Fwp%2Fv2%2Fcomments&post=4707"}],"version-history":[{"count":0,"href":"https:\/\/unbrinderien.fr\/index.php?rest_route=\/wp\/v2\/product\/4707\/revisions"}],"wp:featuredmedia":[{"embeddable":true,"href":"https:\/\/unbrinderien.fr\/index.php?rest_route=\/wp\/v2\/media\/4708"}],"wp:attachment":[{"href":"https:\/\/unbrinderien.fr\/index.php?rest_route=%2Fwp%2Fv2%2Fmedia&parent=4707"}],"wp:term":[{"taxonomy":"product_brand","embeddable":true,"href":"https:\/\/unbrinderien.fr\/index.php?rest_route=%2Fwp%2Fv2%2Fproduct_brand&post=4707"},{"taxonomy":"product_cat","embeddable":true,"href":"https:\/\/unbrinderien.fr\/index.php?rest_route=%2Fwp%2Fv2%2Fproduct_cat&post=4707"},{"taxonomy":"product_tag","embeddable":true,"href":"https:\/\/unbrinderien.fr\/index.php?rest_route=%2Fwp%2Fv2%2Fproduct_tag&post=4707"}],"curies":[{"name":"wp","href":"https:\/\/api.w.org\/{rel}","templated":true}]}}

Collier Grain de café 45 cm argent 925

<p>Très jolie collier Grain de café en argent 925, pour Ados/Femme/Homme, à accorder selon la tenue de votre choix.</p>
<p>Longueur chaîne: 45 cm  en argent 925.</p>
<p>Diamètre du maillon : 4 mm</p>
<p>&nbsp;</p>
<p>&nbsp;</p>
<p>&nbsp;</p>
<p>&nbsp;</p>
<p>&nbsp;</p>
<p>&nbsp;</p>
<p>&nbsp;</p>
<p>&nbsp;</p>
<p>&nbsp;</p>
<p>&nbsp;</p>
<p>&nbsp;</p>
<div class="" data-block="true" data-editor="dcjl" data-offset-key="51nl-0-0">
<div class="_1mf _1mj" data-offset-key="51nl-0-0">
<p>&nbsp;</p>
</div>
</div>
<div class="" data-block="true" data-editor="dcjl" data-offset-key="1rjem-0-0">
<div class="_1mf _1mj" data-offset-key="1rjem-0-0"><span data-offset-key="1rjem-0-0"> </span></div>
</div>
<div class="" data-block="true" data-editor="dcjl" data-offset-key="774eq-0-0"></div>
<div class="" data-block="true" data-editor="dcjl" data-offset-key="8drpg-0-0">
<div class="_1mf _1mj" data-offset-key="8drpg-0-0"></div>
</div>
<p>&nbsp;</p>
